 - -8))?
5
Calculate (-15 - -6) + 28 + -12.
7
Calculate 1 + -2 + 5 + -6 - 3.
-5
What is 12 + (-2 + 5 - 9)?
6
What is 4 - (3 - 2) - 3?
0
Calculate -8 + 7 + 3 - (-3 + 2).
3
What is the value of -5 + -6 + (-4 - -7)?
-8
Calculate -19 + 11 - 11 - -10.
-9
What is the value of (3 - -2) + (0 - 0)?
5
Evaluate 4 + (-3 - (2 - 2)).
1
What is 3 + -4 + (2 - -1) + 0?
2
4 - (-2 - (1 - 3)) - 8
-4
Evaluate 5 - (-6 - (2 - 11)).
2
Evaluate (4 - -8) + (-8 - -6).
10
What is the value of 3 + -5 + 4 - 1?
1
What is the value of 4 - (-7 + -1 - -7)?
5
What is (1 - (1 + 4)) + 4?
0
What is (-5 - 3) + 3 + 5?
0
Calculate (-1 - -1) + 4 - (-2 + 4).
2
What is the value of (-8 - 3) + 8 - 5 - 3?
-11
Calculate -2 - (-3 - 0 - (54 + -59)).
-4
Calculate 2 - (-2 + 5 + 4) - -6.
1
Calculate (1 - -1) + 13 + -13.
2
What is -4 + (3 - 4 - -4 - -9)?
8
Evaluate -5 + (-4 - -3) + 4 + -4.
-6
What is the value of (-5 - -22) + -11 + (-1 - 1)?
4
Calculate -5 - (3 - (0 - -5)).
-3
40 - 41 - ((-15 - -2) + 3)
9
Evaluate -5 + (4 - 3) + 2 + -3.
-5
Calculate ((-8 - -2) + 4 - -5) + -11.
-8
0 - (0 + (-13 - -9))
4
Evaluate 6 + (8 - 9) - (1 - 2).
6
-2 - (-12 + 6) - 6
-2
Calculate (-1 - -5) + -2 + 12 + -12.
2
What is -6 - -17 - 6 - (5 - 2)?
2
Calculate 4 + (-10 - 6 - -7) + 0.
-5
Evaluate 1 + 1 - (-9 + 8 - -5).
-2
Evaluate -3 - (-5 + (6 - 2)).
-2
(-6 - -8) + (2 - 1) + 2
5
Evaluate 21 + -9 + 1 + -3.
10
Evaluate 1 - (-2 + (10 - 2)) - -1.
-4
What is the value of 19 - 14 - (4 + 0)?
1
2 + 7 + -3 + (-40 - -42)
8
What is the value of 7 - (7 - 3) - 6?
-3
What is the value of -9 + 22 + -10 - 13?
-10
What is the value of -12 + 7 + (1 - 1) + 8?
3
Evaluate (-1 - -2) + 6 - (0 + 5).
2
Evaluate (-8 - 6) + 10 + -1.
-5
What is (7 - (7 - 5)) + -12?
-7
Calculate (3 - -2 - 3) + -2.
0
5 - (-3 + 4 + 1)
3
Evaluate 2 - (-11 + (8 - 6) - -4).
7
What is -3 + 6 + -10 + 8?
1
(-1 - 1) + -13 + 12
-3
(-1 - (0 - 0) - -1) + 5
5
What is the value of 4 + (-1 - -3) + (1 - 5)?
2
What is 0 + 6 + (9 - 13)?
2
What is the value of (-3 + -4 - (1 - 21)) + -7?
6
(5 - 4) + -1 + -5
-5
What is the value of -1 + (-2 - -1) + -43 + 49?
4
Evaluate (3 - (-5 + 10)) + 3.
1
Evaluate -7 + 3 - (-5 - -4).
-3
-4 - -6 - -3 - -2 - 0
7
Evaluate 12 + (14 - 19) + -7.
0
What is the value of -3 - (-2 + -2 + 6)?
-5
What is the value of 1 - 2 - 3 - (25 + -21)?
-8
Calculate -3 + 5 + -2 + -2.
-2
Evaluate 6 - (3 + (12 + -6 - 1)).
-2
What is the value of -4 + (6 - 5 - (2 + -1))?
-4
What is the value of -1 + -2 + 3 + 1?
1
-6 + -1 + 5 - (3 - 9)
4
-2 + 9 - (-1 + (0 - -4))
4
What is the value of 5 - ((1 - (-4 + 4)) + 3)?
1
Evaluate 21 - 16 - (-1 - -1).
5
What is -2 - -5 - -2 - 5?
0
Evaluate -20 + 31 + -14 + 2.
-1
Evaluate 26 + -19 - (5 + 0).
2
What is 6 - (-4 + 5 + 5 + -1)?
1
-2 + -1 + (-1 - -3) + 2
1
What is the value of 0 + -2 - (-8 - -8)?
-2
What is 13 + 2 + -8 + -10?
-3
Calculate 5 + (-3 - (-2 + -1)).
5
Evaluate (-1 - 1) + -1 - (-6 + 5).
-2
What is 2 + 4 + 6 - 2?
10
Calculate 4 + -12 + (1 - -3).
-4
1 - 2 - 6 - (2 + -1)
-8
Evaluate 7 + -2 - 0 - 2.
3
What is 2 + -2 - (4 - 0 - 9)?
5
Calculate -5 - -5 - (-1 - (3 - -1)).
5
Evaluate 1 - (2 + -2 + -5 + 5).
1
Evaluate 5 + -4 + 1 + -3.
-1
Evaluate -3 + 7 - (-3 - (-5 + 2)).
4
What is the value of 6 + 1 - -4 - 8?
3
Calculate -2 - (-2 + (1 - -4)).
-5
Calculate 1 - 0 - (9 + -6).
-2
What is the value of -1 + -2 + 7 + -3 + 2?
3
-1 + (0 - 6) - (-52 + 53)
-8
Calculate -9 + 6 + -13 - -6.
-10
Calculate 2 - 3 - 2 - (29 + -28).
-4
What is -4 + (0 + -2 - -4)?
-2
What is the value of 6 + -2 - 2 - (17 + -13)?
-2
What is the value of -6 + 11 + -4 + -3?
-2
Calculate (-1 - 0 - (-16 - -18)) + 7.
4
-6 + (-1 - -1) + 7
1
Evaluate -6 + 9 - (-3 + 10).
-4
Evaluate 5 + (-4 - 0) + (-1 - 9).
-9
Calculate -1 + 8 + -60 + 56.
3
What is the value of 16 + -16 - (-1 - -1 - 3)?
3
What is the value of 0 + 4 + (123 - 121)?
6
Evaluate (3 - -1) + (-15 - (-10 - 2)).
1
What is the value of -1 + 0 - (-4 - -7)?
-4
Evaluate (-6 - -6) + 9 - 14.
-5
What is the value of 3 - (-4 + (-5 - (-1 - 4)))?
7
Evaluate -3 - (4 + -1 + -6 + 1).
-1
What is the value of (-17 - (2 - 5)) + 5 - -3?
-6
-4 - (-9 + (-3 - -2) + 3)
3
-6 + -3 + 12 + (2 - 0)
5
-4 - ((5 - 1) + -8)
0
-6 + 9 - (6 + (0 - 0))
-3
What is the value of 0 + -1 - (15 - (-7 - -16))?
-7
Calculate (-9 - -10 - 5) + 5 + -1.
0
-8 + (2 - 3 - -5)
-4
1 - (6 - 9 - (-10 - 0))
-6
Evaluate (-1 - 22) + 31 + 2 + -1.
9
What is 1 - (0 + 3 + -3 + -2)?
3
What is 0 - 0 - (-13 + 8)?
5
What is the value of 1 + 7 + (-23 - -18) + -5?
-2
(-5 + (1 - -1) - 1) + -1
-5
Evaluate 6 - (3 - -1 - 0).
2
-1 + -14 - -6 - (-3 + -2)
-4
Calculate -3 + (1 + -5 - -2) + 4.
-1
(3 + -2 - 0) + -2
-1
Evaluate 2 - (8 + 0 + -6 + 2).
-2
What is 2 - (4 + -10 + 6 + -6)?
8
What is the value of -1 - (1 - ((-1 - -2) + -1))?
-2
Calculate 8 - ((1 - 11) + 18).
0
-1 - (-6 + 2 - -4)
-1
What is 2 - 0 - (11 + 9 + -19)?
1
What is the value of 1 - (-13 - (0 - 1)) - 4?
9
Calculate 1 + 1 - (11 - 4).
-5
Calculate -1 - (9 + (-13 - -3)).
0
Calculate -3 + (13 - 10) + -2.
-2
(11 - (-5 - -7)) + 7 + -11
5
(-11 - 0) + -57 + 66
-2
What is the value of (2 - (2 + -3)) + 5 - 6?
2
What is the value of (4 - (-3 - -1)) + -10?
-4
Calculate 14 + (6 - (28 + -15)).
7
(-3 - 9) + 18 - (4 - 1)
3
Calculate 3 + 10 + -15 + -1.
-3
3 + -9 + 9 + -3
0
What is the value of (11 - (2 + 6)) + -1?
2
What is the value of 0 - (0 + -2) - (-32 - -27)?
7
Calculate 34 + -44 + 13 + 0.
3
3 - (-1 + 4 - (43 - 37))
6
Evaluate -4 - (-1 + 0 + -8 + 10).
-5
Calculate -3 - -7 - (2 - -5).
-3
Calculate -6 + (6 + 10 - 7).
3
What is the value of -1 + 1 + 0 - (81 - 79)?
-2
What is the value of -2 + 2 - (-3 - -3) - 3?
-3
Calculate 0 - (-2 + 8) - 2.
-8
Evaluate 8 + -1 - (14 + -6 - 5).
4
Evaluate -5 - (-1 - 4 - (3 - 4)).
-1
Calculate -3 + (-4 - (-1 - 2)).
-4
What is -10 + 19 + -4 - 3?
2
What is the value of -7 + -6 - -19 - (11 + 1)?
-6
What is the value of 13 - ((-3 - -5) + 21)?
-10
What is 4 + -7 + (6 - -2)?
5
What is 5 + -7 + 7 - (4 + 2)?
-1
Calculate 2 + 3 + (2 - (3 + 1)).
3
Calculate (1 - 2) + 6 + 4 + -10.
-1
Calculate 10 - 0 - (98 - 94).
6
What is 1 + (2 - (-6 + 3))?
6
-11 - (-36 - -7 - -14)
4
What is -9 + 9 + -1 + -1 + -3?
-5
0 - 11 - (114 + -121)
-4
What is 4 - (13 + -3) - -3?
-3
Calculate -4 - ((1 - 2) + (-1 - 2)).
0
Calculate -4 - (-5 + 6 - 4).
-1
(3 + -3 - 6) + 4
-2
What is the value of 1 + 2 - (5 - (2 - -4))?
4
Evaluate (59 - 62) + (4 - 0).
1
Evaluate -5 - -2 - (32 - 34).
-1
What is the value of -2 + (4 - 3) + -4 + 2?
-3
(6 - 7) + 0 + 3
2
What is 0 - (-3 + 0 + 6)?
-3
What is (-1 + -3 - -6) + -8 - -7?
1
Evaluate (1 - (-4 - -2)) + 1.
4
What is the value of 13 - (10 - 0) - (9 + -2)?
-4
Calculate -2 + 9 + -4 + -2.
1
Calculate (-4 + -2 - 5) + 4.
-7
Evaluate -52 + 61 - (4 - 0).
5
What is the value of -3 + (-8 - -20 - 3)?
6
What is the value of 137 + -125 + (0 - 23)?
-11
Calculate 0 - ((-6 - 0) + (7 - 3)).
2
0 + -4 + 0 + (7 - 5)
-2
Calculate -3 + -2 + 3 + 0.
-2
What is -1 + -4 - (-5 + 2)?
-2
(4 - 1) + 2 + -7 + 1
-1
What is the value of -7 - -4 - (8 + -13) - 10?
-8
What is the value of -24 + 16 + (-1 - -3 - -1)?
-5
-5 + 4 - (2 + 5 - 10)
2
Evaluate -2 + 7 + -2 + -10.
-7
What is -7 - -4 - (0 + 2 - 2)?
-3
Evaluate (1 - 3) + 14 + -29 + 15.
-2
Calculate ((-8 - -8) + -4 - -15) + -5.
6
What is the value of (-1 + 5 - 4) + 4?
4
-8 + 12 + -5 + -1
-2
What is 14 - (-2 + 10) - -1?
7
What is the value of -6 + 4 + (2 - (-1 + 3))?
-2
What is the value of -5 + -5 + (9 - 0) - 3?
-4
What is 12 - ((-4 - 2) + 12)?
6
Calculate -5 - (3 + -7 + (0 - 1)).
0
What is the value of 5 - (-1 - (-6 + 0))?
0
What is the value of 5 + 0 + 2 + -4 + -4?
-1
Calculate 5 + (1 - 9) + 4.
1
(-9 + 5 - -6) + 1
3
5 + -2 + -4 + 3
2
What is the value of 17 + -19 + -2 + 2 + 1?
-1
Calculate 3 + 6 - (5 + 0).
4
Evaluate 4 + (7 + 0 - (-45 + 48)).
8
(20 - 23) + (6 - 1)
2
Evaluate 66 + -77 - (-6 + -1).
-4
(5 - -2) + (-1 - (4 + -4))
6
Evaluate 0 - (7 + (7 - 14)).
0
What is the value of 0 + (1 - (0 - -4))?
-3
7 + (-2 - 6) + 7
6
What is the value of 2 + 0 + -6 + 13 + -14?
-5
What is -1 - 5 - (48 + -58)?
4
Evaluate (3 - (11 - -2)) + 6.
-4
What is the value of -7 + (2 - -5 - 5)?
-5
-4 + 0 - (-14 + (8 - -3))
-1
What is 8 + 2 + (-27 - -11)?
-6
Evaluate (1 - 3) + -61 + 61.
-2
What is the value of 0 + -2 + 1 + (-6 - -3)?
-4
Evaluate -4 - (-7 - -3 - -3).
-3
What is 2 - (7 + (-3 - -3)) - -3?
-2
What is (2 - (-3 + 7))